*2 + 2408*v + 1053692. Determine n(-294).
-4
Let s(p) = -73*p - 16550. Determine s(-252).
1846
Let w(k) = 8*k**2 + 827*k - 2049. What is w(-106)?
177
Let o(j) = -2*j**3 - 26*j**2 + 56*j + 90. Calculate o(-16).
730
Let t(i) = 4251*i - 263531. What is t(62)?
31
Let a(s) = -43*s**2 + 197*s - 8. What is a(-8)?
-4336
Let f(a) = 20*a**2 + 1034*a + 103. Determine f(-52).
415
Let n(c) = c**3 + 12*c**2 + 34*c + 51. Determine n(-9).
-12
Let d(z) = -2*z**3 - 85*z**2 + 76*z + 523. Determine d(-43).
-896
Let t(g) = -19*g**3 - 516*g**2 + 7964*g + 129. What is t(11)?
8
Let i(k) = 281*k**2 - 603*k + 85. Give i(2).
3
Let h(s) = 3*s**3 + 18*s**2 - 81*s - 539. Give h(-7).
-119
Let n(v) = -125347*v - 626729. Calculate n(-5).
6
Let l(a) = 838*a + 46452. Determine l(-55).
362
Let l(c) = 59*c**3 - 470*c**2 + 7*c - 26. What is l(8)?
158
Let g(t) = -2110*t + 27418. Determine g(12).
2098
Let f(r) = -r**3 + 96*r**2 + 104*r - 480. Calculate f(97).
199
Let p(j) = -j**2 - 6635*j + 46556. Calculate p(7).
62
Let a(x) = 9*x**3 - 2*x**2 + 101*x - 213. What is a(2)?
53
Let u(k) = -1200*k - 102010. What is u(-85)?
-10
Let j(g) = 9*g**2 - 1001*g - 4040. Calculate j(115).
-130
Let g(c) = 5496*c - 291267. What is g(53)?
21
Let p(y) = 2*y**3 + 9*y**2 + 379*y - 787. What is p(2)?
23
Let v(d) = -103*d + 2190. What is v(19)?
233
Let j(w) = -32*w**2 + 4315*w - 21661. Determine j(5).
-886
Let g(j) = -j**3 + 103*j**2 - 1161*j - 115. Give g(90).
695
Let p(k) = 59*k + 8571. Calculate p(-166).
-1223
Let s(c) = 4*c**2 - 272*c - 6620. Calculate s(87).
-8
Let a(j) = 17*j**2 + 1016*j + 11749. Calculate a(-43).
-506
Let p(h) = -3*h**2 - 105*h + 3813. What is p(23)?
-189
Let f(r) = -r**3 + 4*r**2 + 11412*r - 124677. What is f(11)?
8
Let n(s) = 17*s**2 - 689*s + 2723. Give n(4).
239
Let p(k) = -731*k**2 + 169*k + 172. Determine p(-1).
-728
Let k(n) = 31*n**2 - 6682*n - 9769. What is k(217)?
-4
Let x(p) = -66*p**3 - 994*p**2 - 53*p + 84. Determine x(-15).
-21
Let o(d) = -2*d**3 - 2*d**2 + 221*d - 1. Determine o(-11).
-12
Let v(t) = 3173*t - 22264. Give v(7).
-53
Let a(n) = 139*n + 8317. Determine a(-61).
-162
Let v(r) = r**3 + 206*r**2 - 6*r - 569. Determine v(-206).
667
Let w(f) = f**3 + 57*f**2 - 213*f - 35052. Calculate w(-43).
-7
Let o(l) = 568*l**2 + 111914*l + 3553. Determine o(-197).
7
Let z(m) = -624*m + 52816. What is z(86)?
-848
Let a(z) = -z**2 + 108*z - 3990. Determine a(28).
-1750
Let c(l) = 254*l + 173. What is c(-7)?
-1605
Let v(l) = 2*l**3 + 67*l**2 + 404*l + 224. What is v(-7)?
-7
Let j(n) = 1295259*n + 6476289. What is j(-5)?
-6
Let n(j) = -j**2 + 621*j - 78596. What is n(177)?
-8
Let d(v) = -v**3 + 71*v**2 - 1176*v - 327. Give d(44).
201
Let g(a) = -2*a**2 + 1869250*a + 5607766. Give g(-3).
-2
Let d(r) = -122*r + 11346. Give d(91).
244
Let k(n) = n**3 - 37*n**2 - 1744*n + 63484. What is k(35)?
-6
Let a(c) = -2*c**3 - 160*c**2 - 130*c + 2224. Determine a(-79).
12
Let c(j) = -j**3 + 17*j**2 - 162*j + 3868. Determine c(19).
68
Let g(p) = 639*p**2 - 1904*p + 4. Give g(3).
43
Let i(y) = -2363*y + 446582. Calculate i(189).
-25
Let d(k) = -205*k - 23492. What is d(-115)?
83
Let l(d) = -4*d**2 - 294*d + 84915. Determine l(-187).
17
Let j(y) = y**3 - 53*y**2 - 1077*y - 865. Give j(-15).
-10
Let m(s) = -1565*s**3 + 37*s**2 + 48*s + 10. Calculate m(-1).
1564
Let f(u) = -2*u**2 + 8023*u - 159669. Determine f(20).
-9
Let w(i) = -14*i**2 - 994*i + 1009. Give w(-72).
1
Let c(k) = -207*k - 3752. Determine c(-4).
-2924
Let h(s) = -13*s**2 - 593*s - 6. Determine h(-45).
354
Let v(b) = -175*b - 201. Determine v(-1).
-26
Let b(s) = -6*s**2 + 225*s - 1948. Determine b(18).
158
Let o(a) = -5*a**2 + 9906*a + 29755. Give o(-3).
-8
Let u(z) = 4*z**2 - 170*z + 494. Calculate u(3).
20
Let x(u) = 2*u**3 - 9*u**2 - 218*u - 6. What is x(-10)?
-726
Let g(y) = -y**3 + 50*y**2 - 168*y - 235. Determine g(46).
501
Let a(h) = -h**3 - 92*h**2 + 940*h + 2934. Give a(-101).
-197
Let b(x) = -175*x + 175. Determine b(-4).
875
Let b(t) = -t**2 - 1531*t + 26224. Give b(17).
-92
Let i(k) = 9*k**3 - 3807*k**2 - 3831*k + 6370. Give i(424).
10
Let v(o) = 2147066*o - 2147043. Calculate v(1).
23
Let n(w) = -2*w**3 - 2*w**2 - 24*w - 58. Calculate n(-9).
1454
Let s(i) = -i**3 - 170*i**2 - 187*i - 3390. What is s(-169)?
-348
Let d(l) = -9*l**3 + 6*l**2 + 24*l - 259. Give d(4).
-643
Let c(o) = 19079*o + 191285. Give c(-10).
495
Let b(s) = 8061*s + 48372. What is b(-6)?
6
Let c(h) = -138*h - 4139. Determine c(-26).
-551
Let s(d) = 23*d**3 + 7247*d**2 + 630*d - 909. Determine s(-315).
-909
Let v(b) = 445*b**3 - 559*b**2 - b + 3. What is v(2)?
1325
Let k(w) = -20*w**2 - 4890*w - 130538. Determine k(-214).
2
Let t(j) = 80*j**2 - 784*j + 3949. Calculate t(5).
2029
Let c(j) = -13*j**3 + 77*j**2 + 171*j - 932. Determine c(6).
58
Let t(z) = -4923*z - 127980. Give t(-26).
18
Let w(t) = t**2 - 546*t + 74458. What is w(281)?
-7
Let f(y) = -8*y**2 - 3290*y + 78991. What is f(-434)?
3
Let w(c) = 88333*c + 24114917. Give w(-273).
8
Let w(o) = 88*o + 952. Determine w(-12).
-104
Let z(v) = -789*v**2 + 12622*v - 95. Determine z(16).
-127
Let u(o) = -4*o**2 + 56*o - 666. What is u(-28)?
-5370
Let m(d) = -d**2 - 662*d - 9190. Determine m(-14).
-118
Let w(d) = -3*d**2 + 586*d - 28177. What is w(115)?
-462
Let w(p) = -6*p**3 - p**2 + 5*p + 10. Determine w(-4).
358
Let v(a) = -a**3 - 330*a**2 + 3382*a + 67. What is v(10)?
-113
Let i(o) = 21850*o - 349604. What is i(16)?
-4
Let u(b) = -11*b**3 - 3756*b**2 - 5446*b - 2036. Determine u(-340).
4
Let n(u) = -15*u**3 - 174*u**2 - 159*u - 658. Determine n(-11).
2
Let s(c) = -307*c**3 - 8*c**2 - 194*c - 187. Determine s(-1).
306
Let w(l) = l**3 + 4*l**2 - 759*l - 1056. What is w(-29)?
-70
Let t(m) = 5831*m + 163489. Calculate t(-28).
221
Let d(j) = -20381*j + 142662. What is d(7)?
-5
Let t(w) = 336*w**2 + 1436*w + 10. What is t(-5)?
1230
Let g(s) = 133*s**2 - 1040*s + 22. Give g(8).
214
Let u(s) = -11*s**2 + 2559*s + 23826. Determine u(-9).
-96
Let x(r) = 572*r + 136157. Calculate x(-238).
21
Let i(j) = -j**2 + 40*j + 120. What is i(79)?
-2961
Let b(x) = 16144*x - 290576. Determine b(18).
16
Let x(c) = 9*c**2 - 968*c - 62573. Calculate x(153).
4
Let g(l) = -1874*l - 34391. Calculate g(-18).
-659
Let z(r) = -2*r**2 - 839*r - 33368. Determine z(-375).
7
Let v(s) = s**3 - 15*s**2 - 32*s + 308. Give v(17).
342
Let h(y) = 4*y**2 - 369*y - 138. What is h(93)?
141
Let l(w) = 56*w**3 + 727*w**2 + 12*w + 74. Give l(-13).
-251
Let k(y) = -2*y**2 - 1119223*y + 11192431. Give k(10).
1
Let b(p) = -p**2 + 8063*p - 1733085. Give b(221).
-3
Let o(s) = 240*s + 69117. Calculate o(-288).
-3
Let n(h) = -13339*h**2 + 413516*h + 70. Determine n(31).
287
Let m(f) = -f**3 + 2*f**2 + 82*f - 259. Determine m(8).
13
Let s(k) = k**3 + 480*k**2 + 2110*k + 98061. What is s(-476)?
5
Let t(x) = x**3 + 42*x**2 + 411*x + 24. Calculate t(-16).
104
Let t(i) = 141097*i + 987786. What is t(-7)?
107
Let h(k) = -5628*k - 1739054. Determine h(-309).
-2
Let f(y) = y**3 + 42*y**2 + 1524*y + 57771. Give f(-40).
11
Let b(n) = -2*n**2 + 1802*n + 296125. Calculate b(-142).
-87
Let t(k) = -k**3 - 82*k**2 - 256*k - 65. Calculate t(-3).
-8
Let f(g) = g**3 + 142*g**2 + 2500*g - 28175. Calculate f(-119).
28
Let z(f) = -52*f**2 - 1677*f - 181. Give z(-32).
235
Let a(b) = -5*b**3 + 546*b**2 + 32712*b - 467. What is a(-43)?
6
Let m(j) = -7760*j**2 + 46535*j - 6. Determine m(6).
-156
Let q(p) = 13*p**3 + 57*p**2 - 1178*p + 121. Determine q(-12).
1
Let u(f) = -f**3 + 2911*f**2 + 73396*f - 97. Determine u(-25).
3
Let x(j) = 7524*j + 45495. What is x(-6)?
351
Let x(d) = -20*d**2 - 15*d + 136. Determine x(-3).
1
Let n(h) = -2878*h - 863499. What is n(-300)?
-99
Let y(v) = -22428*v + 2018454. What is y(90)?
-66
Let z(r) = 4192*r + 51765. Determine z(-12).
1461
Let z(c) = -2*c**2 - 314*c + 12198. Determine z(-189).
102
Let z(a) = 193353*a + 2513592. Calculate z(-13).
3
Let c(w) = -w**3 - 223*w**2 - 3338*w + 55. Calculate c(-207).
5437
Let p(f) = 29*f**3 - 33376*f**2 - 3450*f - 3454. Give p(1151).
-1
Let y(q) = -104*q**2 - 4057*q - 72. Give y(-39).
-33
Let d(h) = -81*h - 2444. What is d(-22)?
-662
Let u(l) = -2*l**3 + 20*l**2 + 404*l - 106. What is u(21)?
-1324
Let g(d) = 4*d**2 - 424*d - 3457. Determine g(-8).
191
Let w(h) = -3*h**2 - 501*h - 5605. Determine w(-155).
